{"id":7762,"date":"2026-02-18T09:14:14","date_gmt":"2026-02-18T08:14:14","guid":{"rendered":"https:\/\/jobs.saller-bau.com\/?post_type=job&#038;p=7762"},"modified":"2026-02-18T09:14:15","modified_gmt":"2026-02-18T08:14:15","slug":"pracownik-k-m-ds-administrowania-nieruchomosciami","status":"publish","type":"job","link":"https:\/\/jobs.saller-bau.com\/pl\/job\/pracownik-k-m-ds-administrowania-nieruchomosciami\/","title":{"rendered":"Pracownik (k\/m) ds. administrowania nieruchomo\u015bciami"},"content":{"rendered":"\n<h4 class=\"wp-block-heading has-text-color has-link-color wp-elements-70d16f1e5d6c2a4f68fbde6e054d8426\" style=\"color:#1f497d\"><strong>Ciekawe projekty<\/strong><\/h4>\n\n\n\n<ul class=\"wp-block-list\">\n<li>Zarz\u0105dzanie umowami najmu i us\u0142ug<\/li>\n\n\n\n<li>Wsp\u00f3\u0142praca przy sporz\u0105dzaniu rozlicze\u0144 koszt\u00f3w eksploatacyjnych naszych nieruchomo\u015bci komercyjnych w Polsce<\/li>\n\n\n\n<li>Przygotowywanie statystyk i benchmark\u00f3w w \u015bcis\u0142ej wsp\u00f3\u0142pracy z kolegami z innych dzia\u0142\u00f3w<\/li>\n\n\n\n<li>Przygotowywanie zestawie\u0144 pozosta\u0142ych koszt\u00f3w eksploatacyjnych\u00a0<\/li>\n\n\n\n<li>Korespondencja z naszymi najemcami i obs\u0142uga zastrze\u017ce\u0144 do sporz\u0105dzanych zestawie\u0144 miesi\u0119cznych<\/li>\n\n\n\n<li>Zadania administracyjne, np. wprowadzanie danych do specjalistycznego oprogramowania<\/li>\n<\/ul>\n\n\n\n<h4 class=\"wp-block-heading has-text-color has-link-color wp-elements-c08c4c87f3f5c5cc1b2e00a65aee71f8\" style=\"color:#1f497d\"><strong>Twoja pasja do nieruchomo\u015bci<\/strong><\/h4>\n\n\n\n<ul class=\"wp-block-list\">\n<li>Wykszta\u0142cenie ekonomiczne<\/li>\n\n\n\n<li>Dobra znajomo\u015b\u0107 j. niemieckiego (w mowie i w pi\u015bmie)<\/li>\n\n\n\n<li>Dobra znajomo\u015b\u0107 oprogramowania MS Office, w szczeg\u00f3lno\u015bci Excela<\/li>\n\n\n\n<li>Samodzielny, dok\u0142adny i staranny styl pracy <\/li>\n\n\n\n<li>Wdro\u017cenie w centrali w Niemczech<\/li>\n<\/ul>\n\n\n\n<p><\/p>\n","protected":false},"template":"","class_list":["post-7762","job","type-job","status-publish","hentry"],"acf":[],"yoast_head":"<!-- This site is optimized with the Yoast SEO plugin v27.4 - https:\/\/yoast.com\/product\/yoast-seo-wordpress\/ -->\n<title>Pracownik (k\/m) ds. administrowania nieruchomo\u015bciami - Saller<\/title>\n<meta name=\"robots\" content=\"index, follow, max-snippet:-1, max-image-preview:large, max-video-preview:-1\" \/>\n<link rel=\"canonical\" href=\"https:\/\/jobs.saller-bau.com\/pl\/job\/pracownik-k-m-ds-administrowania-nieruchomosciami\/\" \/>\n<meta property=\"og:locale\" content=\"pl_PL\" \/>\n<meta property=\"og:type\" content=\"article\" \/>\n<meta property=\"og:title\" content=\"Pracownik (k\/m) ds. administrowania nieruchomo\u015bciami - Saller\" \/>\n<meta property=\"og:description\" content=\"Ciekawe projekty Twoja pasja do nieruchomo\u015bci [...]Czytaj dalej\u2026 from Pracownik (k\/m) ds. administrowania nieruchomo\u015bciami\" \/>\n<meta property=\"og:url\" content=\"https:\/\/jobs.saller-bau.com\/pl\/job\/pracownik-k-m-ds-administrowania-nieruchomosciami\/\" \/>\n<meta property=\"og:site_name\" content=\"Saller\" \/>\n<meta property=\"article:modified_time\" content=\"2026-02-18T08:14:15+00:00\" \/>\n<meta name=\"twitter:card\" content=\"summary_large_image\" \/>\n<meta name=\"twitter:label1\" content=\"Szacowany czas czytania\" \/>\n\t<meta name=\"twitter:data1\" content=\"1 minuta\" \/>\n<script type=\"application\/ld+json\" class=\"yoast-schema-graph\">{\"@context\":\"https:\\\/\\\/schema.org\",\"@graph\":[{\"@type\":\"WebPage\",\"@id\":\"https:\\\/\\\/jobs.saller-bau.com\\\/pl\\\/job\\\/pracownik-k-m-ds-administrowania-nieruchomosciami\\\/\",\"url\":\"https:\\\/\\\/jobs.saller-bau.com\\\/pl\\\/job\\\/pracownik-k-m-ds-administrowania-nieruchomosciami\\\/\",\"name\":\"Pracownik (k\\\/m) ds. administrowania nieruchomo\u015bciami - Saller\",\"isPartOf\":{\"@id\":\"https:\\\/\\\/jobs.saller-bau.com\\\/pl\\\/#website\"},\"datePublished\":\"2026-02-18T08:14:14+00:00\",\"dateModified\":\"2026-02-18T08:14:15+00:00\",\"breadcrumb\":{\"@id\":\"https:\\\/\\\/jobs.saller-bau.com\\\/pl\\\/job\\\/pracownik-k-m-ds-administrowania-nieruchomosciami\\\/#breadcrumb\"},\"inLanguage\":\"pl-PL\",\"potentialAction\":[{\"@type\":\"ReadAction\",\"target\":[\"https:\\\/\\\/jobs.saller-bau.com\\\/pl\\\/job\\\/pracownik-k-m-ds-administrowania-nieruchomosciami\\\/\"]}]},{\"@type\":\"BreadcrumbList\",\"@id\":\"https:\\\/\\\/jobs.saller-bau.com\\\/pl\\\/job\\\/pracownik-k-m-ds-administrowania-nieruchomosciami\\\/#breadcrumb\",\"itemListElement\":[{\"@type\":\"ListItem\",\"position\":1,\"name\":\"Startseite\",\"item\":\"https:\\\/\\\/jobs.saller-bau.com\\\/pl\\\/\"},{\"@type\":\"ListItem\",\"position\":2,\"name\":\"Pracownik (k\\\/m) ds. administrowania nieruchomo\u015bciami\"}]},{\"@type\":\"WebSite\",\"@id\":\"https:\\\/\\\/jobs.saller-bau.com\\\/pl\\\/#website\",\"url\":\"https:\\\/\\\/jobs.saller-bau.com\\\/pl\\\/\",\"name\":\"Saller\",\"description\":\"\",\"potentialAction\":[{\"@type\":\"SearchAction\",\"target\":{\"@type\":\"EntryPoint\",\"urlTemplate\":\"https:\\\/\\\/jobs.saller-bau.com\\\/pl\\\/?s={search_term_string}\"},\"query-input\":{\"@type\":\"PropertyValueSpecification\",\"valueRequired\":true,\"valueName\":\"search_term_string\"}}],\"inLanguage\":\"pl-PL\"}]}<\/script>\n<!-- \/ Yoast SEO plugin. -->","yoast_head_json":{"title":"Pracownik (k\/m) ds. administrowania nieruchomo\u015bciami - Saller","robots":{"index":"index","follow":"follow","max-snippet":"max-snippet:-1","max-image-preview":"max-image-preview:large","max-video-preview":"max-video-preview:-1"},"canonical":"https:\/\/jobs.saller-bau.com\/pl\/job\/pracownik-k-m-ds-administrowania-nieruchomosciami\/","og_locale":"pl_PL","og_type":"article","og_title":"Pracownik (k\/m) ds. administrowania nieruchomo\u015bciami - Saller","og_description":"Ciekawe projekty Twoja pasja do nieruchomo\u015bci [...]Czytaj dalej\u2026 from Pracownik (k\/m) ds. administrowania nieruchomo\u015bciami","og_url":"https:\/\/jobs.saller-bau.com\/pl\/job\/pracownik-k-m-ds-administrowania-nieruchomosciami\/","og_site_name":"Saller","article_modified_time":"2026-02-18T08:14:15+00:00","twitter_card":"summary_large_image","twitter_misc":{"Szacowany czas czytania":"1 minuta"},"schema":{"@context":"https:\/\/schema.org","@graph":[{"@type":"WebPage","@id":"https:\/\/jobs.saller-bau.com\/pl\/job\/pracownik-k-m-ds-administrowania-nieruchomosciami\/","url":"https:\/\/jobs.saller-bau.com\/pl\/job\/pracownik-k-m-ds-administrowania-nieruchomosciami\/","name":"Pracownik (k\/m) ds. administrowania nieruchomo\u015bciami - Saller","isPartOf":{"@id":"https:\/\/jobs.saller-bau.com\/pl\/#website"},"datePublished":"2026-02-18T08:14:14+00:00","dateModified":"2026-02-18T08:14:15+00:00","breadcrumb":{"@id":"https:\/\/jobs.saller-bau.com\/pl\/job\/pracownik-k-m-ds-administrowania-nieruchomosciami\/#breadcrumb"},"inLanguage":"pl-PL","potentialAction":[{"@type":"ReadAction","target":["https:\/\/jobs.saller-bau.com\/pl\/job\/pracownik-k-m-ds-administrowania-nieruchomosciami\/"]}]},{"@type":"BreadcrumbList","@id":"https:\/\/jobs.saller-bau.com\/pl\/job\/pracownik-k-m-ds-administrowania-nieruchomosciami\/#breadcrumb","itemListElement":[{"@type":"ListItem","position":1,"name":"Startseite","item":"https:\/\/jobs.saller-bau.com\/pl\/"},{"@type":"ListItem","position":2,"name":"Pracownik (k\/m) ds. administrowania nieruchomo\u015bciami"}]},{"@type":"WebSite","@id":"https:\/\/jobs.saller-bau.com\/pl\/#website","url":"https:\/\/jobs.saller-bau.com\/pl\/","name":"Saller","description":"","potentialAction":[{"@type":"SearchAction","target":{"@type":"EntryPoint","urlTemplate":"https:\/\/jobs.saller-bau.com\/pl\/?s={search_term_string}"},"query-input":{"@type":"PropertyValueSpecification","valueRequired":true,"valueName":"search_term_string"}}],"inLanguage":"pl-PL"}]}},"_links":{"self":[{"href":"https:\/\/jobs.saller-bau.com\/pl\/wp-json\/wp\/v2\/job\/7762","targetHints":{"allow":["GET"]}}],"collection":[{"href":"https:\/\/jobs.saller-bau.com\/pl\/wp-json\/wp\/v2\/job"}],"about":[{"href":"https:\/\/jobs.saller-bau.com\/pl\/wp-json\/wp\/v2\/types\/job"}],"wp:attachment":[{"href":"https:\/\/jobs.saller-bau.com\/pl\/wp-json\/wp\/v2\/media?parent=7762"}],"curies":[{"name":"wp","href":"https:\/\/api.w.org\/{rel}","templated":true}]}}

Pracownik (k/m) ds. administrowania nieruchomościami

<h4 class="wp-block-heading has-text-color has-link-color wp-elements-70d16f1e5d6c2a4f68fbde6e054d8426" style="color:#1f497d"><strong>Ciekawe projekty</strong></h4>



<ul class="wp-block-list">
<li>Zarządzanie umowami najmu i usług</li>



<li>Współpraca przy sporządzaniu rozliczeń kosztów eksploatacyjnych naszych nieruchomości komercyjnych w Polsce</li>



<li>Przygotowywanie statystyk i benchmarków w ścisłej współpracy z kolegami z innych działów</li>



<li>Przygotowywanie zestawień pozostałych kosztów eksploatacyjnych </li>



<li>Korespondencja z naszymi najemcami i obsługa zastrzeżeń do sporządzanych zestawień miesięcznych</li>



<li>Zadania administracyjne, np. wprowadzanie danych do specjalistycznego oprogramowania</li>
</ul>



<h4 class="wp-block-heading has-text-color has-link-color wp-elements-c08c4c87f3f5c5cc1b2e00a65aee71f8" style="color:#1f497d"><strong>Twoja pasja do nieruchomości</strong></h4>



<ul class="wp-block-list">
<li>Wykształcenie ekonomiczne</li>



<li>Dobra znajomość j. niemieckiego (w mowie i w piśmie)</li>



<li>Dobra znajomość oprogramowania MS Office, w szczególności Excela</li>



<li>Samodzielny, dokładny i staranny styl pracy </li>



<li>Wdrożenie w centrali w Niemczech</li>
</ul>



<p></p>

<!-- This site is optimized with the Yoast SEO plugin v27.4 - https://yoast.com/product/yoast-seo-wordpress/ -->
<title>Pracownik (k/m) ds. administrowania nieruchomościami - Saller</title>
<meta name="robots" content="index, follow, max-snippet:-1, max-image-preview:large, max-video-preview:-1" />
<link rel="canonical" href="https://jobs.saller-bau.com/pl/job/pracownik-k-m-ds-administrowania-nieruchomosciami/" />
<meta property="og:locale" content="pl_PL" />
<meta property="og:type" content="article" />
<meta property="og:title" content="Pracownik (k/m) ds. administrowania nieruchomościami - Saller" />
<meta property="og:description" content="Ciekawe projekty Twoja pasja do nieruchomości [...]Czytaj dalej… from Pracownik (k/m) ds. administrowania nieruchomościami" />
<meta property="og:url" content="https://jobs.saller-bau.com/pl/job/pracownik-k-m-ds-administrowania-nieruchomosciami/" />
<meta property="og:site_name" content="Saller" />
<meta property="article:modified_time" content="2026-02-18T08:14:15+00:00" />
<meta name="twitter:card" content="summary_large_image" />
<meta name="twitter:label1" content="Szacowany czas czytania" />
	<meta name="twitter:data1" content="1 minuta" />
<script type="application/ld+json" class="yoast-schema-graph">{"@context":"https:\/\/schema.org","@graph":[{"@type":"WebPage","@id":"https:\/\/jobs.saller-bau.com\/pl\/job\/pracownik-k-m-ds-administrowania-nieruchomosciami\/","url":"https:\/\/jobs.saller-bau.com\/pl\/job\/pracownik-k-m-ds-administrowania-nieruchomosciami\/","name":"Pracownik (k\/m) ds. administrowania nieruchomościami - Saller","isPartOf":{"@id":"https:\/\/jobs.saller-bau.com\/pl\/#website"},"datePublished":"2026-02-18T08:14:14+00:00","dateModified":"2026-02-18T08:14:15+00:00","breadcrumb":{"@id":"https:\/\/jobs.saller-bau.com\/pl\/job\/pracownik-k-m-ds-administrowania-nieruchomosciami\/#breadcrumb"},"inLanguage":"pl-PL","potentialAction":[{"@type":"ReadAction","target":["https:\/\/jobs.saller-bau.com\/pl\/job\/pracownik-k-m-ds-administrowania-nieruchomosciami\/"]}]},{"@type":"BreadcrumbList","@id":"https:\/\/jobs.saller-bau.com\/pl\/job\/pracownik-k-m-ds-administrowania-nieruchomosciami\/#breadcrumb","itemListElement":[{"@type":"ListItem","position":1,"name":"Startseite","item":"https:\/\/jobs.saller-bau.com\/pl\/"},{"@type":"ListItem","position":2,"name":"Pracownik (k\/m) ds. administrowania nieruchomościami"}]},{"@type":"WebSite","@id":"https:\/\/jobs.saller-bau.com\/pl\/#website","url":"https:\/\/jobs.saller-bau.com\/pl\/","name":"Saller","description":"","potentialAction":[{"@type":"SearchAction","target":{"@type":"EntryPoint","urlTemplate":"https:\/\/jobs.saller-bau.com\/pl\/?s={search_term_string}"},"query-input":{"@type":"PropertyValueSpecification","valueRequired":true,"valueName":"search_term_string"}}],"inLanguage":"pl-PL"}]}</script>
<!-- / Yoast SEO plugin. -->

Pracownik (k/m) ds. administrowania nieruchomościami - Saller

Ciekawe projekty Twoja pasja do nieruchomości [...]Czytaj dalej… from Pracownik (k/m) ds. administrowania nieruchomościami
