{"id":7483,"date":"2025-06-02T13:00:51","date_gmt":"2025-06-02T11:00:51","guid":{"rendered":"https:\/\/jobsdev.saller-bau.com\/?post_type=job&#038;p=7483"},"modified":"2026-04-24T15:15:18","modified_gmt":"2026-04-24T13:15:18","slug":"manager-ds-ekspansji-k-mw-polsce","status":"publish","type":"job","link":"https:\/\/jobs.saller-bau.com\/pl\/job\/manager-ds-ekspansji-k-mw-polsce\/","title":{"rendered":"Manager ds. Ekspansji (k\/m) w Polsce"},"content":{"rendered":"\n<h4 class=\"wp-block-heading has-text-color has-link-color wp-elements-70d16f1e5d6c2a4f68fbde6e054d8426\" style=\"color:#1f497d\"><strong>Ciekawe projekty<\/strong><\/h4>\n\n\n\n<ul class=\"wp-block-list\">\n<li><strong>Odpowiedzialno\u015b\u0107 za w\u0142asny obszar: <\/strong>Zarz\u0105dzasz w\u0142asnym obszarem w ramach ekspansji w Polsce<\/li>\n\n\n\n<li><strong>Ocena lokalizacji: <\/strong>Wyszukujesz i analizujesz atrakcyjne lokalizacje dla nieruchomo\u015bci handlowych<\/li>\n\n\n\n<li><strong>Zakup nieruchomo\u015bci i grunt\u00f3w: <\/strong>Prowadzisz negocjacje dotycz\u0105ce nieruchomo\u015bci lub grunt\u00f3w a\u017c do zawarcia umowy kupna<\/li>\n\n\n\n<li><strong>Interaktywna wsp\u00f3\u0142praca i rozw\u00f3j strategiczny: <\/strong>Rozpoznajesz potencja\u0142 strategiczny i wsp\u00f3\u0142pracujesz z innymi dzia\u0142ami oraz kierownictwem<\/li>\n\n\n\n<li><strong>Sie\u0107 kontakt\u00f3w i obecno\u015b\u0107 na rynku: <\/strong>Utrzymujesz sta\u0142y kontakt z partnerami zewn\u0119trznymi, takimi jak po\u015brednicy, sprzedawcy, miasta i urz\u0119dy<\/li>\n<\/ul>\n\n\n\n<h4 class=\"wp-block-heading has-text-color has-link-color wp-elements-c08c4c87f3f5c5cc1b2e00a65aee71f8\" style=\"color:#1f497d\"><strong>Twoja pasja do nieruchomo\u015bci<\/strong><\/h4>\n\n\n\n<ul class=\"wp-block-list\">\n<li>Posiadasz do\u015bwiadczenie w pozyskiwaniu lokalizacji, ekspansji, realizacji projekt\u00f3w lub gospodarce nieruchomo\u015bciami<\/li>\n\n\n\n<li>Wyr\u00f3\u017cniasz si\u0119 umiej\u0119tno\u015bciami komunikacyjnymi i pewno\u015bci\u0105 siebie w negocjacjach \u2013 r\u00f3wnie\u017c na poziomie decydent\u00f3w i w\u0142a\u015bcicieli<\/li>\n\n\n\n<li>Pracujesz w spos\u00f3b zorganizowany i samodzielny oraz wykazujesz si\u0119 inicjatyw\u0105 w swoich projektach<\/li>\n\n\n\n<li>Gotowo\u015b\u0107 do podr\u00f3\u017cy s\u0142u\u017cbowych bardzo dobra znajomo\u015b\u0107 j\u0119zyka angielskiego lub dobra znajomo\u015b\u0107 j\u0119zyka niemieckiego<\/li>\n\n\n\n<li>Dobra znajomo\u015b\u0107 pakietu Microsoft Office<\/li>\n\n\n\n<li>Gotowo\u015b\u0107 do odbycia kr\u00f3tkiego szkolenia wprowadzaj\u0105cego w Niemczech<\/li>\n<\/ul>\n","protected":false},"template":"","class_list":["post-7483","job","type-job","status-publish","hentry"],"acf":[],"yoast_head":"<!-- This site is optimized with the Yoast SEO plugin v27.4 - https:\/\/yoast.com\/product\/yoast-seo-wordpress\/ -->\n<title>Manager ds. Ekspansji (k\/m) w Polsce - Saller<\/title>\n<meta name=\"robots\" content=\"index, follow, max-snippet:-1, max-image-preview:large, max-video-preview:-1\" \/>\n<link rel=\"canonical\" href=\"https:\/\/jobs.saller-bau.com\/pl\/job\/manager-ds-ekspansji-k-mw-polsce\/\" \/>\n<meta property=\"og:locale\" content=\"pl_PL\" \/>\n<meta property=\"og:type\" content=\"article\" \/>\n<meta property=\"og:title\" content=\"Manager ds. Ekspansji (k\/m) w Polsce - Saller\" \/>\n<meta property=\"og:description\" content=\"Ciekawe projekty Twoja pasja do nieruchomo\u015bci [...]Czytaj dalej\u2026 from Manager ds. Ekspansji (k\/m) w Polsce\" \/>\n<meta property=\"og:url\" content=\"https:\/\/jobs.saller-bau.com\/pl\/job\/manager-ds-ekspansji-k-mw-polsce\/\" \/>\n<meta property=\"og:site_name\" content=\"Saller\" \/>\n<meta property=\"article:modified_time\" content=\"2026-04-24T13:15:18+00:00\" \/>\n<meta name=\"twitter:card\" content=\"summary_large_image\" \/>\n<meta name=\"twitter:label1\" content=\"Szacowany czas czytania\" \/>\n\t<meta name=\"twitter:data1\" content=\"1 minuta\" \/>\n<script type=\"application\/ld+json\" class=\"yoast-schema-graph\">{\"@context\":\"https:\\\/\\\/schema.org\",\"@graph\":[{\"@type\":\"WebPage\",\"@id\":\"https:\\\/\\\/jobs.saller-bau.com\\\/pl\\\/job\\\/manager-ds-ekspansji-k-mw-polsce\\\/\",\"url\":\"https:\\\/\\\/jobs.saller-bau.com\\\/pl\\\/job\\\/manager-ds-ekspansji-k-mw-polsce\\\/\",\"name\":\"Manager ds. Ekspansji (k\\\/m) w Polsce - Saller\",\"isPartOf\":{\"@id\":\"https:\\\/\\\/jobs.saller-bau.com\\\/pl\\\/#website\"},\"datePublished\":\"2025-06-02T11:00:51+00:00\",\"dateModified\":\"2026-04-24T13:15:18+00:00\",\"breadcrumb\":{\"@id\":\"https:\\\/\\\/jobs.saller-bau.com\\\/pl\\\/job\\\/manager-ds-ekspansji-k-mw-polsce\\\/#breadcrumb\"},\"inLanguage\":\"pl-PL\",\"potentialAction\":[{\"@type\":\"ReadAction\",\"target\":[\"https:\\\/\\\/jobs.saller-bau.com\\\/pl\\\/job\\\/manager-ds-ekspansji-k-mw-polsce\\\/\"]}]},{\"@type\":\"BreadcrumbList\",\"@id\":\"https:\\\/\\\/jobs.saller-bau.com\\\/pl\\\/job\\\/manager-ds-ekspansji-k-mw-polsce\\\/#breadcrumb\",\"itemListElement\":[{\"@type\":\"ListItem\",\"position\":1,\"name\":\"Startseite\",\"item\":\"https:\\\/\\\/jobs.saller-bau.com\\\/pl\\\/\"},{\"@type\":\"ListItem\",\"position\":2,\"name\":\"Manager ds. Ekspansji (k\\\/m) w Polsce\"}]},{\"@type\":\"WebSite\",\"@id\":\"https:\\\/\\\/jobs.saller-bau.com\\\/pl\\\/#website\",\"url\":\"https:\\\/\\\/jobs.saller-bau.com\\\/pl\\\/\",\"name\":\"Saller\",\"description\":\"\",\"potentialAction\":[{\"@type\":\"SearchAction\",\"target\":{\"@type\":\"EntryPoint\",\"urlTemplate\":\"https:\\\/\\\/jobs.saller-bau.com\\\/pl\\\/?s={search_term_string}\"},\"query-input\":{\"@type\":\"PropertyValueSpecification\",\"valueRequired\":true,\"valueName\":\"search_term_string\"}}],\"inLanguage\":\"pl-PL\"}]}<\/script>\n<!-- \/ Yoast SEO plugin. -->","yoast_head_json":{"title":"Manager ds. Ekspansji (k\/m) w Polsce - Saller","robots":{"index":"index","follow":"follow","max-snippet":"max-snippet:-1","max-image-preview":"max-image-preview:large","max-video-preview":"max-video-preview:-1"},"canonical":"https:\/\/jobs.saller-bau.com\/pl\/job\/manager-ds-ekspansji-k-mw-polsce\/","og_locale":"pl_PL","og_type":"article","og_title":"Manager ds. Ekspansji (k\/m) w Polsce - Saller","og_description":"Ciekawe projekty Twoja pasja do nieruchomo\u015bci [...]Czytaj dalej\u2026 from Manager ds. Ekspansji (k\/m) w Polsce","og_url":"https:\/\/jobs.saller-bau.com\/pl\/job\/manager-ds-ekspansji-k-mw-polsce\/","og_site_name":"Saller","article_modified_time":"2026-04-24T13:15:18+00:00","twitter_card":"summary_large_image","twitter_misc":{"Szacowany czas czytania":"1 minuta"},"schema":{"@context":"https:\/\/schema.org","@graph":[{"@type":"WebPage","@id":"https:\/\/jobs.saller-bau.com\/pl\/job\/manager-ds-ekspansji-k-mw-polsce\/","url":"https:\/\/jobs.saller-bau.com\/pl\/job\/manager-ds-ekspansji-k-mw-polsce\/","name":"Manager ds. Ekspansji (k\/m) w Polsce - Saller","isPartOf":{"@id":"https:\/\/jobs.saller-bau.com\/pl\/#website"},"datePublished":"2025-06-02T11:00:51+00:00","dateModified":"2026-04-24T13:15:18+00:00","breadcrumb":{"@id":"https:\/\/jobs.saller-bau.com\/pl\/job\/manager-ds-ekspansji-k-mw-polsce\/#breadcrumb"},"inLanguage":"pl-PL","potentialAction":[{"@type":"ReadAction","target":["https:\/\/jobs.saller-bau.com\/pl\/job\/manager-ds-ekspansji-k-mw-polsce\/"]}]},{"@type":"BreadcrumbList","@id":"https:\/\/jobs.saller-bau.com\/pl\/job\/manager-ds-ekspansji-k-mw-polsce\/#breadcrumb","itemListElement":[{"@type":"ListItem","position":1,"name":"Startseite","item":"https:\/\/jobs.saller-bau.com\/pl\/"},{"@type":"ListItem","position":2,"name":"Manager ds. Ekspansji (k\/m) w Polsce"}]},{"@type":"WebSite","@id":"https:\/\/jobs.saller-bau.com\/pl\/#website","url":"https:\/\/jobs.saller-bau.com\/pl\/","name":"Saller","description":"","potentialAction":[{"@type":"SearchAction","target":{"@type":"EntryPoint","urlTemplate":"https:\/\/jobs.saller-bau.com\/pl\/?s={search_term_string}"},"query-input":{"@type":"PropertyValueSpecification","valueRequired":true,"valueName":"search_term_string"}}],"inLanguage":"pl-PL"}]}},"_links":{"self":[{"href":"https:\/\/jobs.saller-bau.com\/pl\/wp-json\/wp\/v2\/job\/7483","targetHints":{"allow":["GET"]}}],"collection":[{"href":"https:\/\/jobs.saller-bau.com\/pl\/wp-json\/wp\/v2\/job"}],"about":[{"href":"https:\/\/jobs.saller-bau.com\/pl\/wp-json\/wp\/v2\/types\/job"}],"wp:attachment":[{"href":"https:\/\/jobs.saller-bau.com\/pl\/wp-json\/wp\/v2\/media?parent=7483"}],"curies":[{"name":"wp","href":"https:\/\/api.w.org\/{rel}","templated":true}]}}

<h4 class="wp-block-heading has-text-color has-link-color wp-elements-70d16f1e5d6c2a4f68fbde6e054d8426" style="color:#1f497d"><strong>Ciekawe projekty</strong></h4>



<ul class="wp-block-list">
<li><strong>Odpowiedzialność za własny obszar: </strong>Zarządzasz własnym obszarem w ramach ekspansji w Polsce</li>



<li><strong>Ocena lokalizacji: </strong>Wyszukujesz i analizujesz atrakcyjne lokalizacje dla nieruchomości handlowych</li>



<li><strong>Zakup nieruchomości i gruntów: </strong>Prowadzisz negocjacje dotyczące nieruchomości lub gruntów aż do zawarcia umowy kupna</li>



<li><strong>Interaktywna współpraca i rozwój strategiczny: </strong>Rozpoznajesz potencjał strategiczny i współpracujesz z innymi działami oraz kierownictwem</li>



<li><strong>Sieć kontaktów i obecność na rynku: </strong>Utrzymujesz stały kontakt z partnerami zewnętrznymi, takimi jak pośrednicy, sprzedawcy, miasta i urzędy</li>
</ul>



<h4 class="wp-block-heading has-text-color has-link-color wp-elements-c08c4c87f3f5c5cc1b2e00a65aee71f8" style="color:#1f497d"><strong>Twoja pasja do nieruchomości</strong></h4>



<ul class="wp-block-list">
<li>Posiadasz doświadczenie w pozyskiwaniu lokalizacji, ekspansji, realizacji projektów lub gospodarce nieruchomościami</li>



<li>Wyróżniasz się umiejętnościami komunikacyjnymi i pewnością siebie w negocjacjach – również na poziomie decydentów i właścicieli</li>



<li>Pracujesz w sposób zorganizowany i samodzielny oraz wykazujesz się inicjatywą w swoich projektach</li>



<li>Gotowość do podróży służbowych bardzo dobra znajomość języka angielskiego lub dobra znajomość języka niemieckiego</li>



<li>Dobra znajomość pakietu Microsoft Office</li>



<li>Gotowość do odbycia krótkiego szkolenia wprowadzającego w Niemczech</li>
</ul>

<!-- This site is optimized with the Yoast SEO plugin v27.4 - https://yoast.com/product/yoast-seo-wordpress/ -->
<title>Manager ds. Ekspansji (k/m) w Polsce - Saller</title>
<meta name="robots" content="index, follow, max-snippet:-1, max-image-preview:large, max-video-preview:-1" />
<link rel="canonical" href="https://jobs.saller-bau.com/pl/job/manager-ds-ekspansji-k-mw-polsce/" />
<meta property="og:locale" content="pl_PL" />
<meta property="og:type" content="article" />
<meta property="og:title" content="Manager ds. Ekspansji (k/m) w Polsce - Saller" />
<meta property="og:description" content="Ciekawe projekty Twoja pasja do nieruchomości [...]Czytaj dalej… from Manager ds. Ekspansji (k/m) w Polsce" />
<meta property="og:url" content="https://jobs.saller-bau.com/pl/job/manager-ds-ekspansji-k-mw-polsce/" />
<meta property="og:site_name" content="Saller" />
<meta property="article:modified_time" content="2026-04-24T13:15:18+00:00" />
<meta name="twitter:card" content="summary_large_image" />
<meta name="twitter:label1" content="Szacowany czas czytania" />
	<meta name="twitter:data1" content="1 minuta" />
<script type="application/ld+json" class="yoast-schema-graph">{"@context":"https:\/\/schema.org","@graph":[{"@type":"WebPage","@id":"https:\/\/jobs.saller-bau.com\/pl\/job\/manager-ds-ekspansji-k-mw-polsce\/","url":"https:\/\/jobs.saller-bau.com\/pl\/job\/manager-ds-ekspansji-k-mw-polsce\/","name":"Manager ds. Ekspansji (k\/m) w Polsce - Saller","isPartOf":{"@id":"https:\/\/jobs.saller-bau.com\/pl\/#website"},"datePublished":"2025-06-02T11:00:51+00:00","dateModified":"2026-04-24T13:15:18+00:00","breadcrumb":{"@id":"https:\/\/jobs.saller-bau.com\/pl\/job\/manager-ds-ekspansji-k-mw-polsce\/#breadcrumb"},"inLanguage":"pl-PL","potentialAction":[{"@type":"ReadAction","target":["https:\/\/jobs.saller-bau.com\/pl\/job\/manager-ds-ekspansji-k-mw-polsce\/"]}]},{"@type":"BreadcrumbList","@id":"https:\/\/jobs.saller-bau.com\/pl\/job\/manager-ds-ekspansji-k-mw-polsce\/#breadcrumb","itemListElement":[{"@type":"ListItem","position":1,"name":"Startseite","item":"https:\/\/jobs.saller-bau.com\/pl\/"},{"@type":"ListItem","position":2,"name":"Manager ds. Ekspansji (k\/m) w Polsce"}]},{"@type":"WebSite","@id":"https:\/\/jobs.saller-bau.com\/pl\/#website","url":"https:\/\/jobs.saller-bau.com\/pl\/","name":"Saller","description":"","potentialAction":[{"@type":"SearchAction","target":{"@type":"EntryPoint","urlTemplate":"https:\/\/jobs.saller-bau.com\/pl\/?s={search_term_string}"},"query-input":{"@type":"PropertyValueSpecification","valueRequired":true,"valueName":"search_term_string"}}],"inLanguage":"pl-PL"}]}</script>
<!-- / Yoast SEO plugin. -->

Ciekawe projekty Twoja pasja do nieruchomości [...]Czytaj dalej… from Manager ds. Ekspansji (k/m) w Polsce
