{"id":7477,"date":"2026-04-02T11:36:59","date_gmt":"2026-04-02T09:36:59","guid":{"rendered":"https:\/\/jobsdev.saller-bau.com\/?post_type=job&#038;p=7477"},"modified":"2026-04-02T11:37:00","modified_gmt":"2026-04-02T09:37:00","slug":"specjalista-k-m-ds-wynajmu-nieruchomosci-leasing-manager-polska","status":"publish","type":"job","link":"https:\/\/jobs.saller-bau.com\/pl\/job\/specjalista-k-m-ds-wynajmu-nieruchomosci-leasing-manager-polska\/","title":{"rendered":"Specjalista (k\/m) ds. Wynajmu nieruchomo\u015bci \/ <br>Leasing Manager Polska"},"content":{"rendered":"\n<h4 class=\"wp-block-heading has-text-color has-link-color wp-elements-70d16f1e5d6c2a4f68fbde6e054d8426\" style=\"color:#1f497d\"><strong>Ciekawe projekty<\/strong><\/h4>\n\n\n\n<ul class=\"wp-block-list\">\n<li>Aktywne pozyskiwanie i negocjowanie um\u00f3w najmu<\/li>\n\n\n\n<li>Przygotowywanie koncepcji i kalkulacji wynajmu, z uwzgl\u0119dnieniem r\u00f3\u017cnorodno\u015bci bran\u017c<\/li>\n\n\n\n<li>Ocena lokalizacji, analiza konkurencyjno\u015bci i obliczanie rentowno\u015bci<\/li>\n\n\n\n<li>Kompleksowa obs\u0142uga rozleg\u0142ej sieci najemc\u00f3w<\/li>\n\n\n\n<li>Uzgodnienia z kolegami z dzia\u0142\u00f3w wewn\u0119trznych, jak dzia\u0142 planowania, budowlany, koszt\u00f3w eksploatacji i innymi.<\/li>\n\n\n\n<li>Przygotowywanie dokument\u00f3w do podj\u0119cia decyzji przez zarz\u0105d<\/li>\n<\/ul>\n\n\n\n<h4 class=\"wp-block-heading has-text-color has-link-color wp-elements-c08c4c87f3f5c5cc1b2e00a65aee71f8\" style=\"color:#1f497d\"><strong>Twoja pasja do nieruchomo\u015bci<\/strong><\/h4>\n\n\n\n<ul class=\"wp-block-list\">\n<li>Wykszta\u0142cenie ekonomiczne\/ handlowe, o specjalno\u015bci zarz\u0105dzanie nieruchomo\u015bciami lub r\u00f3wnorz\u0119dne<\/li>\n\n\n\n<li>Mile widziane do\u015bwiadczenie w zakresie&nbsp; obs\u0142ugi klienta, Key Account Management lub wynajmu nieruchomo\u015bci&nbsp;<\/li>\n\n\n\n<li><strong>Znajomo\u015b\u0107 j. niemieckiego w stopniu komunikatywnym<\/strong><\/li>\n\n\n\n<li>Dobra znajomo\u015b\u0107 pakietu MS Office \u2013 Word, Excel<\/li>\n\n\n\n<li>Komunikatywno\u015b\u0107, inicjatywa, zaanga\u017cowanie, dobra organizacja i umiej\u0119tno\u015bci negocjacyjne<\/li>\n\n\n\n<li>Gotowo\u015b\u0107 do odbywania podr\u00f3\u017cy s\u0142u\u017cbowych<\/li>\n\n\n\n<li>Wdro\u017cenie do pracy w centrali firmy (Niemcy)<\/li>\n<\/ul>\n","protected":false},"template":"","class_list":["post-7477","job","type-job","status-publish","hentry"],"acf":[],"yoast_head":"<!-- This site is optimized with the Yoast SEO plugin v27.4 - https:\/\/yoast.com\/product\/yoast-seo-wordpress\/ -->\n<title>Specjalista (k\/m) ds. Wynajmu nieruchomo\u015bci \/ Leasing Manager Polska - Saller<\/title>\n<meta name=\"robots\" content=\"index, follow, max-snippet:-1, max-image-preview:large, max-video-preview:-1\" \/>\n<link rel=\"canonical\" href=\"https:\/\/jobs.saller-bau.com\/pl\/job\/specjalista-k-m-ds-wynajmu-nieruchomosci-leasing-manager-polska\/\" \/>\n<meta property=\"og:locale\" content=\"pl_PL\" \/>\n<meta property=\"og:type\" content=\"article\" \/>\n<meta property=\"og:title\" content=\"Specjalista (k\/m) ds. Wynajmu nieruchomo\u015bci \/ Leasing Manager Polska - Saller\" \/>\n<meta property=\"og:description\" content=\"Ciekawe projekty Twoja pasja do nieruchomo\u015bci [...]Czytaj dalej\u2026 from Specjalista (k\/m) ds. Wynajmu nieruchomo\u015bci \/ Leasing Manager Polska\" \/>\n<meta property=\"og:url\" content=\"https:\/\/jobs.saller-bau.com\/pl\/job\/specjalista-k-m-ds-wynajmu-nieruchomosci-leasing-manager-polska\/\" \/>\n<meta property=\"og:site_name\" content=\"Saller\" \/>\n<meta property=\"article:modified_time\" content=\"2026-04-02T09:37:00+00:00\" \/>\n<meta name=\"twitter:card\" content=\"summary_large_image\" \/>\n<meta name=\"twitter:label1\" content=\"Szacowany czas czytania\" \/>\n\t<meta name=\"twitter:data1\" content=\"1 minuta\" \/>\n<script type=\"application\/ld+json\" class=\"yoast-schema-graph\">{\"@context\":\"https:\\\/\\\/schema.org\",\"@graph\":[{\"@type\":\"WebPage\",\"@id\":\"https:\\\/\\\/jobs.saller-bau.com\\\/pl\\\/job\\\/specjalista-k-m-ds-wynajmu-nieruchomosci-leasing-manager-polska\\\/\",\"url\":\"https:\\\/\\\/jobs.saller-bau.com\\\/pl\\\/job\\\/specjalista-k-m-ds-wynajmu-nieruchomosci-leasing-manager-polska\\\/\",\"name\":\"Specjalista (k\\\/m) ds. Wynajmu nieruchomo\u015bci \\\/ Leasing Manager Polska - Saller\",\"isPartOf\":{\"@id\":\"https:\\\/\\\/jobs.saller-bau.com\\\/pl\\\/#website\"},\"datePublished\":\"2026-04-02T09:36:59+00:00\",\"dateModified\":\"2026-04-02T09:37:00+00:00\",\"breadcrumb\":{\"@id\":\"https:\\\/\\\/jobs.saller-bau.com\\\/pl\\\/job\\\/specjalista-k-m-ds-wynajmu-nieruchomosci-leasing-manager-polska\\\/#breadcrumb\"},\"inLanguage\":\"pl-PL\",\"potentialAction\":[{\"@type\":\"ReadAction\",\"target\":[\"https:\\\/\\\/jobs.saller-bau.com\\\/pl\\\/job\\\/specjalista-k-m-ds-wynajmu-nieruchomosci-leasing-manager-polska\\\/\"]}]},{\"@type\":\"BreadcrumbList\",\"@id\":\"https:\\\/\\\/jobs.saller-bau.com\\\/pl\\\/job\\\/specjalista-k-m-ds-wynajmu-nieruchomosci-leasing-manager-polska\\\/#breadcrumb\",\"itemListElement\":[{\"@type\":\"ListItem\",\"position\":1,\"name\":\"Startseite\",\"item\":\"https:\\\/\\\/jobs.saller-bau.com\\\/pl\\\/\"},{\"@type\":\"ListItem\",\"position\":2,\"name\":\"Specjalista (k\\\/m) ds. Wynajmu nieruchomo\u015bci \\\/ Leasing Manager Polska\"}]},{\"@type\":\"WebSite\",\"@id\":\"https:\\\/\\\/jobs.saller-bau.com\\\/pl\\\/#website\",\"url\":\"https:\\\/\\\/jobs.saller-bau.com\\\/pl\\\/\",\"name\":\"Saller\",\"description\":\"\",\"potentialAction\":[{\"@type\":\"SearchAction\",\"target\":{\"@type\":\"EntryPoint\",\"urlTemplate\":\"https:\\\/\\\/jobs.saller-bau.com\\\/pl\\\/?s={search_term_string}\"},\"query-input\":{\"@type\":\"PropertyValueSpecification\",\"valueRequired\":true,\"valueName\":\"search_term_string\"}}],\"inLanguage\":\"pl-PL\"}]}<\/script>\n<!-- \/ Yoast SEO plugin. -->","yoast_head_json":{"title":"Specjalista (k\/m) ds. Wynajmu nieruchomo\u015bci \/ Leasing Manager Polska - Saller","robots":{"index":"index","follow":"follow","max-snippet":"max-snippet:-1","max-image-preview":"max-image-preview:large","max-video-preview":"max-video-preview:-1"},"canonical":"https:\/\/jobs.saller-bau.com\/pl\/job\/specjalista-k-m-ds-wynajmu-nieruchomosci-leasing-manager-polska\/","og_locale":"pl_PL","og_type":"article","og_title":"Specjalista (k\/m) ds. Wynajmu nieruchomo\u015bci \/ Leasing Manager Polska - Saller","og_description":"Ciekawe projekty Twoja pasja do nieruchomo\u015bci [...]Czytaj dalej\u2026 from Specjalista (k\/m) ds. Wynajmu nieruchomo\u015bci \/ Leasing Manager Polska","og_url":"https:\/\/jobs.saller-bau.com\/pl\/job\/specjalista-k-m-ds-wynajmu-nieruchomosci-leasing-manager-polska\/","og_site_name":"Saller","article_modified_time":"2026-04-02T09:37:00+00:00","twitter_card":"summary_large_image","twitter_misc":{"Szacowany czas czytania":"1 minuta"},"schema":{"@context":"https:\/\/schema.org","@graph":[{"@type":"WebPage","@id":"https:\/\/jobs.saller-bau.com\/pl\/job\/specjalista-k-m-ds-wynajmu-nieruchomosci-leasing-manager-polska\/","url":"https:\/\/jobs.saller-bau.com\/pl\/job\/specjalista-k-m-ds-wynajmu-nieruchomosci-leasing-manager-polska\/","name":"Specjalista (k\/m) ds. Wynajmu nieruchomo\u015bci \/ Leasing Manager Polska - Saller","isPartOf":{"@id":"https:\/\/jobs.saller-bau.com\/pl\/#website"},"datePublished":"2026-04-02T09:36:59+00:00","dateModified":"2026-04-02T09:37:00+00:00","breadcrumb":{"@id":"https:\/\/jobs.saller-bau.com\/pl\/job\/specjalista-k-m-ds-wynajmu-nieruchomosci-leasing-manager-polska\/#breadcrumb"},"inLanguage":"pl-PL","potentialAction":[{"@type":"ReadAction","target":["https:\/\/jobs.saller-bau.com\/pl\/job\/specjalista-k-m-ds-wynajmu-nieruchomosci-leasing-manager-polska\/"]}]},{"@type":"BreadcrumbList","@id":"https:\/\/jobs.saller-bau.com\/pl\/job\/specjalista-k-m-ds-wynajmu-nieruchomosci-leasing-manager-polska\/#breadcrumb","itemListElement":[{"@type":"ListItem","position":1,"name":"Startseite","item":"https:\/\/jobs.saller-bau.com\/pl\/"},{"@type":"ListItem","position":2,"name":"Specjalista (k\/m) ds. Wynajmu nieruchomo\u015bci \/ Leasing Manager Polska"}]},{"@type":"WebSite","@id":"https:\/\/jobs.saller-bau.com\/pl\/#website","url":"https:\/\/jobs.saller-bau.com\/pl\/","name":"Saller","description":"","potentialAction":[{"@type":"SearchAction","target":{"@type":"EntryPoint","urlTemplate":"https:\/\/jobs.saller-bau.com\/pl\/?s={search_term_string}"},"query-input":{"@type":"PropertyValueSpecification","valueRequired":true,"valueName":"search_term_string"}}],"inLanguage":"pl-PL"}]}},"_links":{"self":[{"href":"https:\/\/jobs.saller-bau.com\/pl\/wp-json\/wp\/v2\/job\/7477","targetHints":{"allow":["GET"]}}],"collection":[{"href":"https:\/\/jobs.saller-bau.com\/pl\/wp-json\/wp\/v2\/job"}],"about":[{"href":"https:\/\/jobs.saller-bau.com\/pl\/wp-json\/wp\/v2\/types\/job"}],"wp:attachment":[{"href":"https:\/\/jobs.saller-bau.com\/pl\/wp-json\/wp\/v2\/media?parent=7477"}],"curies":[{"name":"wp","href":"https:\/\/api.w.org\/{rel}","templated":true}]}}

Specjalista (k/m) ds. Wynajmu nieruchomości / <br>Leasing Manager Polska

<h4 class="wp-block-heading has-text-color has-link-color wp-elements-70d16f1e5d6c2a4f68fbde6e054d8426" style="color:#1f497d"><strong>Ciekawe projekty</strong></h4>



<ul class="wp-block-list">
<li>Aktywne pozyskiwanie i negocjowanie umów najmu</li>



<li>Przygotowywanie koncepcji i kalkulacji wynajmu, z uwzględnieniem różnorodności branż</li>



<li>Ocena lokalizacji, analiza konkurencyjności i obliczanie rentowności</li>



<li>Kompleksowa obsługa rozległej sieci najemców</li>



<li>Uzgodnienia z kolegami z działów wewnętrznych, jak dział planowania, budowlany, kosztów eksploatacji i innymi.</li>



<li>Przygotowywanie dokumentów do podjęcia decyzji przez zarząd</li>
</ul>



<h4 class="wp-block-heading has-text-color has-link-color wp-elements-c08c4c87f3f5c5cc1b2e00a65aee71f8" style="color:#1f497d"><strong>Twoja pasja do nieruchomości</strong></h4>



<ul class="wp-block-list">
<li>Wykształcenie ekonomiczne/ handlowe, o specjalności zarządzanie nieruchomościami lub równorzędne</li>



<li>Mile widziane doświadczenie w zakresie&nbsp; obsługi klienta, Key Account Management lub wynajmu nieruchomości&nbsp;</li>



<li><strong>Znajomość j. niemieckiego w stopniu komunikatywnym</strong></li>



<li>Dobra znajomość pakietu MS Office – Word, Excel</li>



<li>Komunikatywność, inicjatywa, zaangażowanie, dobra organizacja i umiejętności negocjacyjne</li>



<li>Gotowość do odbywania podróży służbowych</li>



<li>Wdrożenie do pracy w centrali firmy (Niemcy)</li>
</ul>

<!-- This site is optimized with the Yoast SEO plugin v27.4 - https://yoast.com/product/yoast-seo-wordpress/ -->
<title>Specjalista (k/m) ds. Wynajmu nieruchomości / Leasing Manager Polska - Saller</title>
<meta name="robots" content="index, follow, max-snippet:-1, max-image-preview:large, max-video-preview:-1" />
<link rel="canonical" href="https://jobs.saller-bau.com/pl/job/specjalista-k-m-ds-wynajmu-nieruchomosci-leasing-manager-polska/" />
<meta property="og:locale" content="pl_PL" />
<meta property="og:type" content="article" />
<meta property="og:title" content="Specjalista (k/m) ds. Wynajmu nieruchomości / Leasing Manager Polska - Saller" />
<meta property="og:description" content="Ciekawe projekty Twoja pasja do nieruchomości [...]Czytaj dalej… from Specjalista (k/m) ds. Wynajmu nieruchomości / Leasing Manager Polska" />
<meta property="og:url" content="https://jobs.saller-bau.com/pl/job/specjalista-k-m-ds-wynajmu-nieruchomosci-leasing-manager-polska/" />
<meta property="og:site_name" content="Saller" />
<meta property="article:modified_time" content="2026-04-02T09:37:00+00:00" />
<meta name="twitter:card" content="summary_large_image" />
<meta name="twitter:label1" content="Szacowany czas czytania" />
	<meta name="twitter:data1" content="1 minuta" />
<script type="application/ld+json" class="yoast-schema-graph">{"@context":"https:\/\/schema.org","@graph":[{"@type":"WebPage","@id":"https:\/\/jobs.saller-bau.com\/pl\/job\/specjalista-k-m-ds-wynajmu-nieruchomosci-leasing-manager-polska\/","url":"https:\/\/jobs.saller-bau.com\/pl\/job\/specjalista-k-m-ds-wynajmu-nieruchomosci-leasing-manager-polska\/","name":"Specjalista (k\/m) ds. Wynajmu nieruchomości \/ Leasing Manager Polska - Saller","isPartOf":{"@id":"https:\/\/jobs.saller-bau.com\/pl\/#website"},"datePublished":"2026-04-02T09:36:59+00:00","dateModified":"2026-04-02T09:37:00+00:00","breadcrumb":{"@id":"https:\/\/jobs.saller-bau.com\/pl\/job\/specjalista-k-m-ds-wynajmu-nieruchomosci-leasing-manager-polska\/#breadcrumb"},"inLanguage":"pl-PL","potentialAction":[{"@type":"ReadAction","target":["https:\/\/jobs.saller-bau.com\/pl\/job\/specjalista-k-m-ds-wynajmu-nieruchomosci-leasing-manager-polska\/"]}]},{"@type":"BreadcrumbList","@id":"https:\/\/jobs.saller-bau.com\/pl\/job\/specjalista-k-m-ds-wynajmu-nieruchomosci-leasing-manager-polska\/#breadcrumb","itemListElement":[{"@type":"ListItem","position":1,"name":"Startseite","item":"https:\/\/jobs.saller-bau.com\/pl\/"},{"@type":"ListItem","position":2,"name":"Specjalista (k\/m) ds. Wynajmu nieruchomości \/ Leasing Manager Polska"}]},{"@type":"WebSite","@id":"https:\/\/jobs.saller-bau.com\/pl\/#website","url":"https:\/\/jobs.saller-bau.com\/pl\/","name":"Saller","description":"","potentialAction":[{"@type":"SearchAction","target":{"@type":"EntryPoint","urlTemplate":"https:\/\/jobs.saller-bau.com\/pl\/?s={search_term_string}"},"query-input":{"@type":"PropertyValueSpecification","valueRequired":true,"valueName":"search_term_string"}}],"inLanguage":"pl-PL"}]}</script>
<!-- / Yoast SEO plugin. -->

Specjalista (k/m) ds. Wynajmu nieruchomości / Leasing Manager Polska - Saller

Ciekawe projekty Twoja pasja do nieruchomości [...]Czytaj dalej… from Specjalista (k/m) ds. Wynajmu nieruchomości / Leasing Manager Polska

Specjalista (k/m) ds. Wynajmu nieruchomości / Leasing Manager Polska
