{"id":8292,"date":"2025-12-01T15:46:53","date_gmt":"2025-12-01T14:46:53","guid":{"rendered":"https:\/\/jobs.saller-bau.com\/?post_type=job&#038;p=8292"},"modified":"2025-12-01T15:46:55","modified_gmt":"2025-12-01T14:46:55","slug":"manazer-obchodneho-centra-m-w-d-galeria-kosice","status":"publish","type":"job","link":"https:\/\/jobs.saller-bau.com\/cs\/job\/manazer-obchodneho-centra-m-w-d-galeria-kosice\/","title":{"rendered":"Mana\u017e\u00e9r obchodn\u00e9ho centra (m\/w\/d) \u201eGal\u00e9ria Ko\u0161ice\u201c"},"content":{"rendered":"\n<h4 class=\"wp-block-heading has-text-color has-link-color wp-elements-bf86f6b15c7d9e74935f3363a801978f\" style=\"color:#1f497d\"><strong><strong>Va\u0161\u00edm \u00fakolem bude<\/strong><\/strong><\/h4>\n\n\n\n<ul class=\"wp-block-list\">\n<li>Zodpovednos\u0165 za bezprobl\u00e9mov\u00fa prev\u00e1dzku n\u00e1kupn\u00e9ho centra<\/li>\n\n\n\n<li>Vykon\u00e1vanie v\u0161etk\u00fdch administrat\u00edvnych a organiza\u010dn\u00fdch \u010dinnost\u00ed\u00a0\u00a0\u00a0\u00a0\u00a0\u00a0\u00a0\u00a0\u00a0\u00a0 (spr\u00e1va zml\u00fav, kontrola fakt\u00far, spr\u00e1va term\u00ednov a\u00a0pod.)<\/li>\n\n\n\n<li>Spolupr\u00e1ca na pr\u00edprave a realiz\u00e1cii podujat\u00ed, PR a marketingov\u00fdch aktiv\u00edt v \u00fazkej koordin\u00e1cii s reklamno-marketingov\u00fdm oddelen\u00edm, komunik\u00e1cia s\u00a0m\u00e9diami<\/li>\n\n\n\n<li>Pravideln\u00e9 kontroly obchodn\u00e9ho centra a n\u00e1vrhy na zlep\u0161enia<\/li>\n\n\n\n<li>Zast\u00e1vanie \u00falohy sprostredkovate\u013ea medzi jednotliv\u00fdmi oddeleniami<\/li>\n\n\n\n<li>Samostatn\u00e1 tvorba a aktualiz\u00e1cia preh\u013eadov a reportov pre vedenie spolo\u010dnosti<\/li>\n\n\n\n<li>\u00da\u010das\u0165 na t\u00edmov\u00fdch a mana\u017e\u00e9rskych rokovaniach \u00a0<\/li>\n<\/ul>\n\n\n\n<h4 class=\"wp-block-heading has-text-color has-link-color wp-elements-e0372e795e157934ec338128865d41c0\" style=\"color:#1f497d\"><strong><strong>Co od V\u00e1s o\u010dek\u00e1v\u00e1me<\/strong><\/strong><\/h4>\n\n\n\n<ul class=\"wp-block-list\">\n<li>Ukon\u010den\u00e9 S\u0160\/V\u0160 vzdelanie s obchodn\u00fdm zameran\u00edm<\/li>\n\n\n\n<li>Prax v oblasti centermanagementu v\u00fdhodou<\/li>\n\n\n\n<li>Siln\u00e9 orientovanie sa na slu\u017eby a potreby klientov<\/li>\n\n\n\n<li>V\u00fdborn\u00e9 komunika\u010dn\u00e9 schopnosti, spo\u013eahlivos\u0165 a\u00a0d\u00f4slednos\u0165<\/li>\n\n\n\n<li><strong>Dobr\u00e1 znalos\u0165 nemeck\u00e9ho jazyka slovom aj p\u00edsmom<\/strong><\/li>\n\n\n\n<li>Dobr\u00e1 znalos\u0165 MS Office, najm\u00e4 MS Excel<\/li>\n\n\n\n<li>Ochota absolvova\u0165 za\u0161kolenie v centr\u00e1le spolo\u010dnosti v Nemecku<\/li>\n<\/ul>\n","protected":false},"template":"","class_list":["post-8292","job","type-job","status-publish","hentry"],"acf":[],"yoast_head":"<!-- This site is optimized with the Yoast SEO plugin v27.4 - https:\/\/yoast.com\/product\/yoast-seo-wordpress\/ -->\n<title>Mana\u017e\u00e9r obchodn\u00e9ho centra (m\/w\/d) \u201eGal\u00e9ria Ko\u0161ice\u201c - Saller<\/title>\n<meta name=\"robots\" content=\"index, follow, max-snippet:-1, max-image-preview:large, max-video-preview:-1\" \/>\n<link rel=\"canonical\" href=\"https:\/\/jobs.saller-bau.com\/cs\/job\/manazer-obchodneho-centra-m-w-d-galeria-kosice\/\" \/>\n<meta property=\"og:locale\" content=\"cs_CZ\" \/>\n<meta property=\"og:type\" content=\"article\" \/>\n<meta property=\"og:title\" content=\"Mana\u017e\u00e9r obchodn\u00e9ho centra (m\/w\/d) \u201eGal\u00e9ria Ko\u0161ice\u201c - Saller\" \/>\n<meta property=\"og:description\" content=\"Va\u0161\u00edm \u00fakolem bude Co od V\u00e1s o\u010dek\u00e1v\u00e1me [...]\u010c\u00edst d\u00e1le... from Mana\u017e\u00e9r obchodn\u00e9ho centra (m\/w\/d) \u201eGal\u00e9ria Ko\u0161ice\u201c\" \/>\n<meta property=\"og:url\" content=\"https:\/\/jobs.saller-bau.com\/cs\/job\/manazer-obchodneho-centra-m-w-d-galeria-kosice\/\" \/>\n<meta property=\"og:site_name\" content=\"Saller\" \/>\n<meta property=\"article:modified_time\" content=\"2025-12-01T14:46:55+00:00\" \/>\n<meta name=\"twitter:card\" content=\"summary_large_image\" \/>\n<meta name=\"twitter:label1\" content=\"Odhadovan\u00e1 doba \u010dten\u00ed\" \/>\n\t<meta name=\"twitter:data1\" content=\"1 minuta\" \/>\n<script type=\"application\/ld+json\" class=\"yoast-schema-graph\">{\"@context\":\"https:\\\/\\\/schema.org\",\"@graph\":[{\"@type\":\"WebPage\",\"@id\":\"https:\\\/\\\/jobs.saller-bau.com\\\/cs\\\/job\\\/manazer-obchodneho-centra-m-w-d-galeria-kosice\\\/\",\"url\":\"https:\\\/\\\/jobs.saller-bau.com\\\/cs\\\/job\\\/manazer-obchodneho-centra-m-w-d-galeria-kosice\\\/\",\"name\":\"Mana\u017e\u00e9r obchodn\u00e9ho centra (m\\\/w\\\/d) \u201eGal\u00e9ria Ko\u0161ice\u201c - Saller\",\"isPartOf\":{\"@id\":\"https:\\\/\\\/jobs.saller-bau.com\\\/cs\\\/#website\"},\"datePublished\":\"2025-12-01T14:46:53+00:00\",\"dateModified\":\"2025-12-01T14:46:55+00:00\",\"breadcrumb\":{\"@id\":\"https:\\\/\\\/jobs.saller-bau.com\\\/cs\\\/job\\\/manazer-obchodneho-centra-m-w-d-galeria-kosice\\\/#breadcrumb\"},\"inLanguage\":\"cs\",\"potentialAction\":[{\"@type\":\"ReadAction\",\"target\":[\"https:\\\/\\\/jobs.saller-bau.com\\\/cs\\\/job\\\/manazer-obchodneho-centra-m-w-d-galeria-kosice\\\/\"]}]},{\"@type\":\"BreadcrumbList\",\"@id\":\"https:\\\/\\\/jobs.saller-bau.com\\\/cs\\\/job\\\/manazer-obchodneho-centra-m-w-d-galeria-kosice\\\/#breadcrumb\",\"itemListElement\":[{\"@type\":\"ListItem\",\"position\":1,\"name\":\"Startseite\",\"item\":\"https:\\\/\\\/jobs.saller-bau.com\\\/cs\\\/\"},{\"@type\":\"ListItem\",\"position\":2,\"name\":\"Mana\u017e\u00e9r obchodn\u00e9ho centra (m\\\/w\\\/d) \u201eGal\u00e9ria Ko\u0161ice\u201c\"}]},{\"@type\":\"WebSite\",\"@id\":\"https:\\\/\\\/jobs.saller-bau.com\\\/cs\\\/#website\",\"url\":\"https:\\\/\\\/jobs.saller-bau.com\\\/cs\\\/\",\"name\":\"Saller\",\"description\":\"\",\"potentialAction\":[{\"@type\":\"SearchAction\",\"target\":{\"@type\":\"EntryPoint\",\"urlTemplate\":\"https:\\\/\\\/jobs.saller-bau.com\\\/cs\\\/?s={search_term_string}\"},\"query-input\":{\"@type\":\"PropertyValueSpecification\",\"valueRequired\":true,\"valueName\":\"search_term_string\"}}],\"inLanguage\":\"cs\"}]}<\/script>\n<!-- \/ Yoast SEO plugin. -->","yoast_head_json":{"title":"Mana\u017e\u00e9r obchodn\u00e9ho centra (m\/w\/d) \u201eGal\u00e9ria Ko\u0161ice\u201c - Saller","robots":{"index":"index","follow":"follow","max-snippet":"max-snippet:-1","max-image-preview":"max-image-preview:large","max-video-preview":"max-video-preview:-1"},"canonical":"https:\/\/jobs.saller-bau.com\/cs\/job\/manazer-obchodneho-centra-m-w-d-galeria-kosice\/","og_locale":"cs_CZ","og_type":"article","og_title":"Mana\u017e\u00e9r obchodn\u00e9ho centra (m\/w\/d) \u201eGal\u00e9ria Ko\u0161ice\u201c - Saller","og_description":"Va\u0161\u00edm \u00fakolem bude Co od V\u00e1s o\u010dek\u00e1v\u00e1me [...]\u010c\u00edst d\u00e1le... from Mana\u017e\u00e9r obchodn\u00e9ho centra (m\/w\/d) \u201eGal\u00e9ria Ko\u0161ice\u201c","og_url":"https:\/\/jobs.saller-bau.com\/cs\/job\/manazer-obchodneho-centra-m-w-d-galeria-kosice\/","og_site_name":"Saller","article_modified_time":"2025-12-01T14:46:55+00:00","twitter_card":"summary_large_image","twitter_misc":{"Odhadovan\u00e1 doba \u010dten\u00ed":"1 minuta"},"schema":{"@context":"https:\/\/schema.org","@graph":[{"@type":"WebPage","@id":"https:\/\/jobs.saller-bau.com\/cs\/job\/manazer-obchodneho-centra-m-w-d-galeria-kosice\/","url":"https:\/\/jobs.saller-bau.com\/cs\/job\/manazer-obchodneho-centra-m-w-d-galeria-kosice\/","name":"Mana\u017e\u00e9r obchodn\u00e9ho centra (m\/w\/d) \u201eGal\u00e9ria Ko\u0161ice\u201c - Saller","isPartOf":{"@id":"https:\/\/jobs.saller-bau.com\/cs\/#website"},"datePublished":"2025-12-01T14:46:53+00:00","dateModified":"2025-12-01T14:46:55+00:00","breadcrumb":{"@id":"https:\/\/jobs.saller-bau.com\/cs\/job\/manazer-obchodneho-centra-m-w-d-galeria-kosice\/#breadcrumb"},"inLanguage":"cs","potentialAction":[{"@type":"ReadAction","target":["https:\/\/jobs.saller-bau.com\/cs\/job\/manazer-obchodneho-centra-m-w-d-galeria-kosice\/"]}]},{"@type":"BreadcrumbList","@id":"https:\/\/jobs.saller-bau.com\/cs\/job\/manazer-obchodneho-centra-m-w-d-galeria-kosice\/#breadcrumb","itemListElement":[{"@type":"ListItem","position":1,"name":"Startseite","item":"https:\/\/jobs.saller-bau.com\/cs\/"},{"@type":"ListItem","position":2,"name":"Mana\u017e\u00e9r obchodn\u00e9ho centra (m\/w\/d) \u201eGal\u00e9ria Ko\u0161ice\u201c"}]},{"@type":"WebSite","@id":"https:\/\/jobs.saller-bau.com\/cs\/#website","url":"https:\/\/jobs.saller-bau.com\/cs\/","name":"Saller","description":"","potentialAction":[{"@type":"SearchAction","target":{"@type":"EntryPoint","urlTemplate":"https:\/\/jobs.saller-bau.com\/cs\/?s={search_term_string}"},"query-input":{"@type":"PropertyValueSpecification","valueRequired":true,"valueName":"search_term_string"}}],"inLanguage":"cs"}]}},"_links":{"self":[{"href":"https:\/\/jobs.saller-bau.com\/cs\/wp-json\/wp\/v2\/job\/8292","targetHints":{"allow":["GET"]}}],"collection":[{"href":"https:\/\/jobs.saller-bau.com\/cs\/wp-json\/wp\/v2\/job"}],"about":[{"href":"https:\/\/jobs.saller-bau.com\/cs\/wp-json\/wp\/v2\/types\/job"}],"wp:attachment":[{"href":"https:\/\/jobs.saller-bau.com\/cs\/wp-json\/wp\/v2\/media?parent=8292"}],"curies":[{"name":"wp","href":"https:\/\/api.w.org\/{rel}","templated":true}]}}

Manažér obchodného centra (m/w/d) „Galéria Košice“

<h4 class="wp-block-heading has-text-color has-link-color wp-elements-bf86f6b15c7d9e74935f3363a801978f" style="color:#1f497d"><strong><strong>Vaším úkolem bude</strong></strong></h4>



<ul class="wp-block-list">
<li>Zodpovednosť za bezproblémovú prevádzku nákupného centra</li>



<li>Vykonávanie všetkých administratívnych a organizačných činností           (správa zmlúv, kontrola faktúr, správa termínov a pod.)</li>



<li>Spolupráca na príprave a realizácii podujatí, PR a marketingových aktivít v úzkej koordinácii s reklamno-marketingovým oddelením, komunikácia s médiami</li>



<li>Pravidelné kontroly obchodného centra a návrhy na zlepšenia</li>



<li>Zastávanie úlohy sprostredkovateľa medzi jednotlivými oddeleniami</li>



<li>Samostatná tvorba a aktualizácia prehľadov a reportov pre vedenie spoločnosti</li>



<li>Účasť na tímových a manažérskych rokovaniach  </li>
</ul>



<h4 class="wp-block-heading has-text-color has-link-color wp-elements-e0372e795e157934ec338128865d41c0" style="color:#1f497d"><strong><strong>Co od Vás očekáváme</strong></strong></h4>



<ul class="wp-block-list">
<li>Ukončené SŠ/VŠ vzdelanie s obchodným zameraním</li>



<li>Prax v oblasti centermanagementu výhodou</li>



<li>Silné orientovanie sa na služby a potreby klientov</li>



<li>Výborné komunikačné schopnosti, spoľahlivosť a dôslednosť</li>



<li><strong>Dobrá znalosť nemeckého jazyka slovom aj písmom</strong></li>



<li>Dobrá znalosť MS Office, najmä MS Excel</li>



<li>Ochota absolvovať zaškolenie v centrále spoločnosti v Nemecku</li>
</ul>

<!-- This site is optimized with the Yoast SEO plugin v27.4 - https://yoast.com/product/yoast-seo-wordpress/ -->
<title>Manažér obchodného centra (m/w/d) „Galéria Košice“ - Saller</title>
<meta name="robots" content="index, follow, max-snippet:-1, max-image-preview:large, max-video-preview:-1" />
<link rel="canonical" href="https://jobs.saller-bau.com/cs/job/manazer-obchodneho-centra-m-w-d-galeria-kosice/" />
<meta property="og:locale" content="cs_CZ" />
<meta property="og:type" content="article" />
<meta property="og:title" content="Manažér obchodného centra (m/w/d) „Galéria Košice“ - Saller" />
<meta property="og:description" content="Vaším úkolem bude Co od Vás očekáváme [...]Číst dále... from Manažér obchodného centra (m/w/d) „Galéria Košice“" />
<meta property="og:url" content="https://jobs.saller-bau.com/cs/job/manazer-obchodneho-centra-m-w-d-galeria-kosice/" />
<meta property="og:site_name" content="Saller" />
<meta property="article:modified_time" content="2025-12-01T14:46:55+00:00" />
<meta name="twitter:card" content="summary_large_image" />
<meta name="twitter:label1" content="Odhadovaná doba čtení" />
	<meta name="twitter:data1" content="1 minuta" />
<script type="application/ld+json" class="yoast-schema-graph">{"@context":"https:\/\/schema.org","@graph":[{"@type":"WebPage","@id":"https:\/\/jobs.saller-bau.com\/cs\/job\/manazer-obchodneho-centra-m-w-d-galeria-kosice\/","url":"https:\/\/jobs.saller-bau.com\/cs\/job\/manazer-obchodneho-centra-m-w-d-galeria-kosice\/","name":"Manažér obchodného centra (m\/w\/d) „Galéria Košice“ - Saller","isPartOf":{"@id":"https:\/\/jobs.saller-bau.com\/cs\/#website"},"datePublished":"2025-12-01T14:46:53+00:00","dateModified":"2025-12-01T14:46:55+00:00","breadcrumb":{"@id":"https:\/\/jobs.saller-bau.com\/cs\/job\/manazer-obchodneho-centra-m-w-d-galeria-kosice\/#breadcrumb"},"inLanguage":"cs","potentialAction":[{"@type":"ReadAction","target":["https:\/\/jobs.saller-bau.com\/cs\/job\/manazer-obchodneho-centra-m-w-d-galeria-kosice\/"]}]},{"@type":"BreadcrumbList","@id":"https:\/\/jobs.saller-bau.com\/cs\/job\/manazer-obchodneho-centra-m-w-d-galeria-kosice\/#breadcrumb","itemListElement":[{"@type":"ListItem","position":1,"name":"Startseite","item":"https:\/\/jobs.saller-bau.com\/cs\/"},{"@type":"ListItem","position":2,"name":"Manažér obchodného centra (m\/w\/d) „Galéria Košice“"}]},{"@type":"WebSite","@id":"https:\/\/jobs.saller-bau.com\/cs\/#website","url":"https:\/\/jobs.saller-bau.com\/cs\/","name":"Saller","description":"","potentialAction":[{"@type":"SearchAction","target":{"@type":"EntryPoint","urlTemplate":"https:\/\/jobs.saller-bau.com\/cs\/?s={search_term_string}"},"query-input":{"@type":"PropertyValueSpecification","valueRequired":true,"valueName":"search_term_string"}}],"inLanguage":"cs"}]}</script>
<!-- / Yoast SEO plugin. -->

Manažér obchodného centra (m/w/d) „Galéria Košice“ - Saller

Vaším úkolem bude Co od Vás očekáváme [...]Číst dále... from Manažér obchodného centra (m/w/d) „Galéria Košice“
